 = -2*r + 77 + 165. List the prime factors of r.
11
Let j = 156 + -88. List the prime factors of j.
2, 17
Let r = -35 - -18. Let z = r + 24. List the prime factors of z.
7
Let h = 163 + -151. What are the prime factors of h?
2, 3
Let f = -19 - -3. Let a = 37 + f. List the prime factors of a.
3, 7
Suppose 2371 = 26*i - 3739. What are the prime factors of i?
5, 47
Let d(v) = v**2 - 4*v. Let u be d(5). Let g be (-3)/12 + 164/16. Let t = g + u. What are the prime factors of t?
3, 5
Suppose -3*m = -4*m + 5. Suppose 3*k - 12 = -z, 2*z = m*k - 2*z - 37. List the prime factors of k.
5
Let h(l) = -l**2 + 4*l. Let f be h(3). Suppose -f*v + 7*v = 52. What are the prime factors of v?
13
Let y(i) = -i**2 - i + 1. Let a be y(-3). Let f(j) = -2*j**2 - 3*j + 3. Let g be f(-4). Let z = a - g. What are the prime factors of z?
2, 3
Let d = -2 + 4. Suppose -3*h = d*h - 60. Suppose h = v + v. What are the prime factors of v?
2, 3
Suppose 44 = 5*s - 3*z, -5*s + 10*s - 32 = -z. Let h = -2 + s. What are the prime factors of h?
5
Suppose 2*q + j - 5*j + 4 = 0, 0 = -q + 4*j - 6. Suppose 2*f - 6 + q = 0. List the prime factors of (1/f)/(2/28).
7
Let w(y) = y**2 - 4*y + 2. Let n be w(5). Let z be (5 - n)*(1 + -2). List the prime factors of 3/((-3)/(-5)) - z.
3
Let o(f) = -10*f - 7. Suppose -5 = 2*i + 5. What are the prime factors of o(i)?
43
Suppose 2*j + q + 3*q - 24 = 0, 0 = 3*j + q - 56. Let d = -9 + j. List the prime factors of d.
11
Let o(c) = c**3 + 8*c**2 + 7. Let x be o(-8). Let k be (-1)/(-3)*(x + -4). List the prime factors of (k*2)/(6/30).
2, 5
Let f(n) = 19*n**2 - 2*n + 3. Let j be f(2). What are the prime factors of (60/j)/(4/130)?
2, 13
Let u = 15 - -21. Let m = u + -9. Suppose -3*s = -2*x - m, 0 = 2*s - 4*s - 2*x + 28. What are the prime factors of s?
11
Let j = -43 - -80. Let t be 2 + -4 + (4 - 2). Suppose -3*r + j + 2 = t. List the prime factors of r.
13
Suppose 3*i - 12 = -3. Suppose z = -i*z + 12. Suppose z*n - 51 = 3*u, 5*u + 50 = 3*n + 3*u. What are the prime factors of n?
2
Let f(r) = -43*r + 2. Let w(c) = 44*c - 2. Let z(t) = 3*f(t) + 2*w(t). Let i be z(-2). What are the prime factors of (-8)/(-20) - i/(-15)?
2, 3
Suppose 0*d - 976 = -8*d. List the prime factors of d.
2, 61
Suppose 38 = q + q. Let m = q + -6. What are the prime factors of m?
13
List the prime factors of (-149)/(-3) + ((-4)/(-2))/6.
2, 5
Suppose 5*g = 2*h - 100, -41 - 74 = 5*g - 5*h. What are the prime factors of (-418)/g - 4/18?
23
Let x(v) = -v**2 - 5*v - 2. What are the prime factors of x(-3)?
2
Suppose 1 - 95 = -h. List the prime factors of h.
2, 47
Let j(f) = -f**2 + 11*f - 5. Let q be j(7). Suppose 0*d - q = -d. What are the prime factors of d?
23
Suppose -1 = 2*z - 3. Let h be -2 + (-3)/(2 - z). Let b(p) = -p**3 - 5*p**2 - 4*p - 3. What are the prime factors of b(h)?
17
Suppose -2*x + 70 = 5*w + 3*x, 5*w = 2*x + 56. What are the prime factors of 22/4 + w/(-8)?
2
List the prime factors of (2/4)/((-1)/(-86)).
43
Let k = 137 + -83. What are the prime factors of k?
2, 3
Let r(p) be the second derivative of -5*p**3/6 + 7*p**2/2 + 6*p. List the prime factors of r(-3).
2, 11
Let u = -12 + 18. Let v(o) = -o**3 + 6*o**2 + 5*o - 7. List the prime factors of v(u).
23
Let b = 5 + -1. Suppose -3*h + b + 20 = 0. List the prime factors of h.
2
Let x(w) = w**2 + 6*w + 2. Let t be x(-7). Let h = t - 2. List the prime factors of h.
7
Suppose -4*u = -5*u. Suppose u = 2*q - q. Suppose q*d - d - 54 = -5*l, l = 2*d + 9. What are the prime factors of l?
11
List the prime factors of (-44)/(-42)*18 - (-4)/28.
19
Let t(l) = 5*l**3 + 2*l**2 + l. Let v be t(-1). Let n = 0 - v. What are the prime factors of n?
2
List the prime factors of ((-2)/(-2))/(1652/(-552) + 3).
2, 3, 23
Let l(q) = -5*q - 4. List the prime factors of l(-2).
2, 3
Let o be (-5)/((-10)/4) + 2. Let z = -2 + o. List the prime factors of (-8 - -3)/(z/(-4)).
2, 5
Suppose 5*m - 3*h + 68 + 1 = 0, 0 = -m - h - 17. Let v = m + 25. List the prime factors of v.
2, 5
Suppose -3 = -3*l + 9. Suppose 2*x - 4*f + 20 = 7*x, l*x - 2*f = -10. Suppose -32 = -x*t - 2*t + z, 0 = -5*t + 2*z + 79. What are the prime factors of t?
3, 5
Let m be 5*(0 + 9/(-15)). List the prime factors of ((-2)/(-5))/(m/(-165)).
2, 11
Suppose 2*o - 16 = -2*o - 4*i, 0 = 4*o - 4*i - 16. List the prime factors of o.
2
Suppose -35 = -21*s + 16*s. What are the prime factors of s?
7
Suppose 5*x - 104 = -3*q, 0 = 2*q + 2*x + x - 69. What are the prime factors of q?
3, 11
Let d(h) = -9*h - 4. Let p be d(-3). Suppose 3*l - 6 = 3*f, -p = -f - 0*f - 4*l. What are the prime factors of ((-10)/f)/((-2)/3)?
5
Let u(g) = -g + 5. Let a be (-9 - -1)*9/(-4). Suppose 0*r + a = -3*r. List the prime factors of u(r).
11
Suppose 25 = 3*r - 8*r, 19 = 4*x + r. Suppose k + 35 = x*k. Let h = -1 + k. List the prime factors of h.
2, 3
Let f = 392 - 170. What are the prime factors of f?
2, 3, 37
Suppose -2*f + 4*f - 32 = 0. Suppose 4*q = r + 45, -17 = -3*q + r + f. Let a = q - 6. What are the prime factors of a?
2, 3
Let o(k) = 3*k - 3. Let q(j) = 15*j + 7. Let c(s) = -7*s - 3. Let u(t) = -9*c(t) - 4*q(t). Let d be u(2). What are the prime factors of o(d)?
2, 3
Let z(k) = k**3 + 4*k**2 + k + 3. Suppose -m = 3, 0*m = u - 4*m - 9. List the prime factors of z(u).
3
Let i be (-2)/8 - (-2169)/36. Suppose 5*a = i + 25. What are the prime factors of a?
17
Suppose -4*t + 110 = t. Suppose t = q - 13. Let c = q - 24. List the prime factors of c.
11
Let i(m) = 42*m**2 - 2*m - 1. List the prime factors of i(2).
163
What are the prime factors of (3 - (-45)/(-12)) + (-399)/(-4)?
3, 11
Let u(n) = 3*n**2 - 3 - n - 1 + 9*n - n**3 + 3*n**2. Let w be u(7). What are the prime factors of (-4)/6 - (-26)/w?
2
Suppose 4*a = -y + 43, 0 = 3*y - 6*a + a - 44. Let s = 33 - y. List the prime factors of s.
2, 5
Let m(b) = -2*b**3 - 2*b**2 - b. Let s be m(-3). Let a = s - 23. What are the prime factors of a?
2
Let d = -47 + 58. List the prime factors of d.
11
List the prime factors of 4*1*(85/20)/1.
17
Let a be (-1 - (-20)/16)*-4. What are the prime factors of a/(((-6)/2)/12)?
2
Let h = 50 - 47. List the prime factors of h.
3
Let y(u) be the second derivative of -u**5/20 + u**4/6 + 2*u**3/3 - u**2/2 - 3*u. Let r be y(-3). Suppose 0 = 3*m - 1 - r. What are the prime factors of m?
11
Let u = -7 + 14. Suppose -321 = -u*k + 15. What are the prime factors of k?
2, 3
List the prime factors of (-18)/45 - 274/(-10).
3
Suppose r = 3*r + 4*o - 314, -628 = -4*r - o. What are the prime factors of r?
157
Let o = 1 - 9. Let r be (-9)/(-6)*o/(-6). List the prime factors of r/(-4)*-2 + 11.
2, 3
Suppose 0 = 3*b - b - 80. Suppose -b = u - 6*u. What are the prime factors of u?
2
Let d(x) = 10*x**2 + 2*x - 2. Let l(v) = -7*v**2 - v + 1. Let i(h) = 5*d(h) + 7*l(h). List the prime factors of i(-5).
7
Let f(m) = -m**3 - 6*m**2 - m - 1. Let q be f(-7). Suppose -5*n + 5*h = -q, -h + 90 = 5*n + h. What are the prime factors of n?
2
What are the prime factors of (-250)/(-4) - (-3)/(-6)?
2, 31
Let a = 60 - -28. What are the prime factors of a?
2, 11
Suppose 4*s - 1 = -9. Let a be (5/3)/(s/(-6)). Let k(d) = d**2 - 4*d + 6. List the prime factors of k(a).
11
Let r(q) = -q - 5. Let j be r(-7). Suppose 0*g - 8 = -j*g. Suppose g*v = -v + 15. List the prime factors of v.
3
What are the prime factors of 20/(-10)*(-2 - 9)?
2, 11
Let h(s) = -s**2 - 4. Let x be h(3). Let v = -8 - x. Suppose 25 = -v*r + 70. List the prime factors of r.
3
Let k be (1/3)/((-2)/(-6)). What are the prime factors of k/((-2)/(-20)*2)?
5
Suppose -3*x + a = -26, -a + 2*a - 4 = 0. What are the prime factors of x?
2, 5
Suppose 6*b = 3*o + b - 347, -o + 3*b + 113 = 0. What are the prime factors of o?
7, 17
Suppose 4*i = -12 + 28, 5*i + 12 = -4*m. Let y = -14 - -13. List the prime factors of (m/(-20))/(y/(-25)).
2, 5
Suppose 0 = i, 5*i - 4 = 2*d + i. List the prime factors of 2 - -1*(-26)/d.
3, 5
Suppose 3*t + t = -5*j + 718, 2*j - 295 = t. What are the prime factors of j?
2, 73
Let q(u) = 4*u**2 + u**2 + 2 - 4*u**2 + 0*u**2. List the prime factors of q(0).
2
List the prime factors of ((-1146)/(-5))/3 + (-8)/20.
2, 19
Let q be ((-22)/4)/(3/(-6)). Let a be (q + 1 - 0) + 1. Let m = a - 8. What are the prime factors of m?
5
Let q = -6 + 12. What are the prime factors of q?
2, 3
Let c(k) = 2*k - 3. Let 